) = -2*a**3 + 20*a - 20. Determine f(-4).
28
Let y(d) = -d**2 + 11*d + 27. What is y(8)?
51
Let s(x) = 298*x - 33378. What is s(112)?
-2
Let o(t) = t**2 + 32*t - 1335. Determine o(24).
9
Let w(r) = -r**3 - 10*r**2 + 117*r + 630. Determine w(-15).
0
Let r(j) = -j**3 + 49*j**2 - 439*j - 59. Calculate r(12).
1
Let l(i) = 44*i**2 + 134*i + 7. Determine l(-3).
1
Let y(w) = -2*w**2 - 11*w + 192. Calculate y(-13).
-3
Let o(z) = 181*z**2 + 729*z + 19. Determine o(-4).
-1
Let r(u) = -450*u - 578. Give r(-1).
-128
Let h(c) = -c**3 - 3*c**2 - 9*c + 1049. Determine h(9).
-4
Let q(z) = -z**3 + 16*z**2 - 35*z + 17. Calculate q(14).
-81
Let q(t) = -2019*t - 20228. What is q(-10)?
-38
Let i(j) = -j**3 + 6*j**2 + 10*j + 121. What is i(-6)?
493
Let d(o) = 313*o**2 - 11*o - 13. What is d(-1)?
311
Let u(q) = 513*q + 1031. Determine u(-2).
5
Let n(h) = -1384*h - 15225. What is n(-11)?
-1
Let y(q) = q**3 - 2*q**2 - 92*q - 310. Calculate y(-5).
-25
Let h(r) = r**2 + 173*r - 1256. What is h(7)?
4
Let q(d) = -d**3 + 2*d**2 + 25*d + 61. What is q(-4)?
57
Let b(w) = 8*w**2 - 2*w + 20. Determine b(-4).
156
Let g(l) = -l**2 - 34*l - 57. What is g(-31)?
36
Let r(l) = l**3 - 6*l**2 + l - 39. Give r(5).
-59
Let b(g) = -203*g - 6. Calculate b(0).
-6
Let q(z) = 4*z**2 - 57*z + 59. Give q(13).
-6
Let m(r) = 51*r + 1568. Give m(-31).
-13
Let m(t) = 2*t**3 - 151*t**2 + 79*t - 192. Give m(75).
108
Let d(y) = 386*y + 20827. What is d(-54)?
-17
Let z(x) = 76*x - 187. Calculate z(3).
41
Let x(z) = -z**2 + 75*z + 10103. What is x(-70)?
-47
Let y(r) = -3*r - 28. Calculate y(-24).
44
Let f(t) = -t**3 - 65*t**2 - 183*t - 121. Calculate f(-62).
-307
Let a(d) = -6*d**2 - 20*d - 60. Give a(-3).
-54
Let b(n) = -n**2 - 896*n + 2. Give b(0).
2
Let s(g) = -20*g - 740. Determine s(-37).
0
Let k(j) = j**3 + 11*j**2 - 3*j - 59. Determine k(-11).
-26
Let j(q) = 13*q**2 + 4*q. Determine j(3).
129
Let r(k) = 27*k**3 - 593*k**2 - 46*k + 549. Calculate r(22).
21
Let m(g) = -79*g - 553. What is m(-7)?
0
Let w(g) = -66*g - 5069. Determine w(-77).
13
Let y(l) = l + 43. What is y(-18)?
25
Let r(s) = -348*s - 26804. Calculate r(-77).
-8
Let c(i) = 23*i**2 + 49*i - 7. Calculate c(-3).
53
Let m(j) = -19*j + 63. Calculate m(7).
-70
Let m(j) = -3*j**2 - 299*j - 1041. Determine m(-96).
15
Let i(x) = 2*x**3 - 17*x**2 + 38*x - 246. Determine i(8).
-6
Let c(r) = 15*r + 839. Determine c(-57).
-16
Let d(q) = -20*q + 71. Determine d(4).
-9
Let o(n) = -n**2 + 24*n - 118. Give o(18).
-10
Let r(t) = 12*t - 570. Calculate r(49).
18
Let h(d) = -215*d + 1061. Determine h(5).
-14
Let f(y) = -2*y**3 - 38*y**2 + 110*y - 1. Give f(3).
-67
Let s(o) = -6*o + 97. Determine s(14).
13
Let c(m) = 18*m + 644. Give c(-29).
122
Let m(b) = -3*b**2 - 65*b + 615. Calculate m(-29).
-23
Let j(z) = -24*z + 2473. Determine j(103).
1
Let f(c) = 5*c**2 - 109*c - 83. Give f(23).
55
Let i(k) = 9*k**2 + 46*k - 96. Calculate i(-13).
827
Let a(b) = 37*b**2 - 4*b - 5. Determine a(-1).
36
Let t(i) = -2*i**2 - 7*i - 1. What is t(-2)?
5
Let l(p) = 6*p + 460. Calculate l(-76).
4
Let w(q) = q**3 + 10*q**2 + 7*q - 55. Give w(-6).
47
Let y(x) = 4*x**2 + 65*x + 151. Calculate y(-13).
-18
Let c(m) = 4*m**2 - 105*m - 77. What is c(27)?
4
Let o(i) = -i**3 + 32*i**2 + 171*i - 3500. Calculate o(34).
2
Let u(l) = -26*l**3 - 23*l**2 - 42*l - 20. Calculate u(-1).
25
Let t(r) = -3*r**2 - 8*r + 7. What is t(-4)?
-9
Let d(x) = -x**2 + 51*x - 561. Calculate d(15).
-21
Let z(p) = -39*p + 399. Determine z(10).
9
Let w(o) = -4*o**2 - 1705*o - 8433. Calculate w(-5).
-8
Let l(o) = -7*o + 172. What is l(12)?
88
Let n(j) = 138*j**3 + 2*j**2 + 7*j - 10. Calculate n(1).
137
Let j(l) = 4*l**2 + 8*l - 1148. Determine j(16).
4
Let h(b) = -40*b + 517. Calculate h(23).
-403
Let q(g) = 72*g - 2142. Calculate q(30).
18
Let k(u) = -u**2 - 74*u - 1265. Determine k(-18).
-257
Let d(b) = -b**3 + 13*b**2 + 62*b - 61. Give d(17).
-163
Let k(l) = -l**2 - 24*l + 33. Calculate k(-12).
177
Let i(s) = 3*s**2 - 9*s - 22. Give i(-2).
8
Let c(k) = k**3 - 24*k - 8. Give c(-5).
-13
Let u(t) = -t**3 - 31*t**2 - 219*t + 15. Give u(-20).
-5
Let v(x) = -6*x**2 + 25*x - 28. What is v(5)?
-53
Let y(o) = 940*o - 8466. Calculate y(9).
-6
Let b(t) = -137*t - 28. Calculate b(-7).
931
Let r(i) = -25*i + 1071. Give r(43).
-4
Let a(b) = 50*b + 271. What is a(-6)?
-29
Let w(t) = 30*t - 1196. Calculate w(38).
-56
Let n(s) = -83*s - 8. What is n(-3)?
241
Let l(c) = 6*c**2 + 414*c - 28. Determine l(-69).
-28
Let i(s) = 6*s**3 + 3*s**2 + 3. What is i(0)?
3
Let v(o) = -20*o + 186. Determine v(5).
86
Let x(n) = -4*n**2 - 67*n + 319. What is x(-21)?
-38
Let q(c) = -2864*c + 65868. Give q(23).
-4
Let u(r) = 7*r + 89. Give u(-8).
33
Let y(t) = -t**2 - 25*t + 67. Give y(-27).
13
Let i(n) = n**3 - 2*n**2 + 11*n + 4. Give i(0).
4
Let c(l) = 27*l**3 - 1026*l**2 + l - 45. What is c(38)?
-7
Let z(f) = 1102*f - 2187. Calculate z(2).
17
Let p(c) = -c**3 - 3*c**2 + 71*c + 9. Determine p(-10).
-1
Let y(g) = -2*g**2 - 7*g + 22. Calculate y(-5).
7
Let w(r) = -r**2 - 24*r - 95. What is w(-23)?
-72
Let c(f) = 70*f + 159. Give c(-6).
-261
Let q(k) = k**2 + 94*k + 613. What is q(-7)?
4
Let j(n) = -n**3 + 26*n**2 + 85*n + 34. Give j(29).
-24
Let s(z) = z**3 - 59*z**2 + 56*z + 244. Calculate s(58).
128
Let s(y) = -8*y + 251. Give s(25).
51
Let i(l) = 296*l - 5922. What is i(20)?
-2
Let c(l) = 78*l - 755. Calculate c(10).
25
Let d(f) = -193*f**2 - 96*f - 95. What is d(-1)?
-192
Let w(f) = 10*f + 289. Calculate w(-31).
-21
Let i(f) = 93*f + 5. Determine i(1).
98
Let w(p) = 193*p + 993. Determine w(-5).
28
Let f(n) = 6*n**3 - 2*n**2 + 11*n + 39. What is f(-3)?
-174
Let b(c) = 797*c + 70925. Determine b(-89).
-8
Let h(g) = -36*g**2 + 173*g + 13. Determine h(5).
-22
Let t(c) = -9690*c + 48486. What is t(5)?
36
Let x(d) = 26*d - 1509. Determine x(65).
181
Let z(r) = r**2 - 17*r - 390. What is z(30)?
0
Let w(a) = -72*a**2 - 215*a - 32. Give w(-4).
-324
Let c(u) = 3*u**2 + 96*u + 173. Give c(-2).
-7
Let s(d) = -40*d + 107. Calculate s(2).
27
Let w(k) = -3*k - 8. Calculate w(-9).
19
Let m(g) = -g**2 - 233*g - 7723. Give m(-40).
-3
Let f(i) = 3*i**3 + 1063*i - 1064. Give f(1).
2
Let i(r) = -22*r**3 - r**2 - 8*r - 21. Determine i(-2).
167
Let h(o) = o**3 - o**2 - 5*o + 105. Calculate h(0).
105
Let c(v) = 568*v + 2263. Calculate c(-4).
-9
Let w(k) = -39*k - 954. Determine w(-34).
372
Let p(t) = -t**3 + 23*t**2 - 9*t - 91. Give p(22).
195
Let a(y) = 8*y**2 + 281*y + 17. Calculate a(-35).
-18
Let q(u) = u**3 - 9*u**2 + 14*u - 93. Calculate q(12).
507
Let w(o) = -o**2 + 42*o + 519. What is w(55)?
-196
Let k(b) = -21*b - 401. What is k(-20)?
19
Let f(v) = v**3 - 11*v**2 + 32*v - 12. Calculate f(5).
-2
Let r(i) = -5*i**2 + 170*i + 357. What is r(36)?
-3
Let o(i) = 30*i + 479. Calculate o(-15).
29
Let z(v) = -88*v + 186. Give z(9).
-606
Let a(y) = -y**3 + 31*y - 2. Give a(0).
-2
Let h(z) = -z**3 - 94*z**2 + 1888*z + 95. Determine h(-111).
-16
Let u(p) = 24*p + 160. Calculate u(-6).
16
Let y(d) = 144*d - 2007. Calculate y(14).
9
Let t(i) = -i**3 + 7*i**2 + 29*i + 142. Determine t(-5).
297
Let q(l) = -12*l**3 + 9*l - 22. Give q(2).
-100
Let w(o) = -o**3 + 69*o**2 + 213*o + 218. Determine w(72).
2
Let s(w) = -25*w**3 + 2*w - 1. Give s(2).
-197
Let f(p) = -665*p + 10006. Determine f(15).
31
Let l(f) = f**3 - 3*f**2 - 108*f - 2. Determine l(12).
-2
Let b(r) = 84*r + 3018. Determine b(-36).
-6
Let d(m) = -m**3 - 79*m**2 - 231*m - 234. Give d(-76).
-6
Let v(m) = 38*m - 110. Determine v(6).
118
Let x(p) = p**2 - 410*p + 17071. Calculate x(363).
10
Let n(m) = -m**3 + 4*m**2 + 2*m + 8. Determine n(0).
8
Let c(f) = 366*f - 61153. Determine c(167).
-31
Let d(l) = -22*l**2 + 283*l - 856. Calculate d(8).
0
Let q(a) = 7*a**2 - 8*a + 47. Determine q(5).
182
Let g(k) = k**3 + 22*k**2 - 77*k - 2336. Give g(-20).
4
Let x(f) = f**3 + 25*f**2 - 25*f - 82. Give x(-26).
-108
Let a(r) = r**2 - 62*r + 63. Give a(61).
2
Let o(k) = -3*k**2 + 26*k + 568. What is o(19)?
-21
Let t(u) = -u**3 + 100*u**2 - 1537*u - 160. Determine t(81).
2
Let n(p) = -75*p + 2488. Give n(33).
13
Let r(u) = u**3 - 8*u**2 + 10*u + 45. What is r(-2)?
-15
Let z(r) = -r**3 + r**2 + 43*r + 6. Determine z(7).
13
Let o(j) = 5*j - 136. Determine o(36).
44
Let n(z) = -4*z**3 - 19*z**2 + 64*z + 293. Give n(-4).
-11